common factor of 173 and 20787161?
173
What is the highest common factor of 3641087 and 205?
41
Calculate the highest common divisor of 4035 and 3.
3
Calculate the greatest common divisor of 17479 and 336.
7
Calculate the highest common divisor of 27 and 1477332.
27
What is the greatest common divisor of 60 and 5976?
12
What is the greatest common factor of 473106 and 783?
87
Calculate the greatest common divisor of 216 and 14616.
72
Calculate the greatest common divisor of 43800 and 2409.
219
What is the highest common factor of 24639 and 3354?
129
What is the greatest common divisor of 927 and 77353?
103
What is the greatest common factor of 195792 and 1104?
48
Calculate the highest common factor of 456 and 14784.
24
What is the greatest common factor of 21756 and 37?
37
Calculate the highest common divisor of 6 and 2998266.
6
Calculate the greatest common factor of 63 and 11336661.
63
Calculate the highest common factor of 1422 and 1083090.
474
What is the greatest common divisor of 2691358 and 62?
62
What is the highest common factor of 8195 and 80460?
745
Calculate the greatest common divisor of 212032 and 48.
16
Calculate the greatest common factor of 828 and 44100.
36
Calculate the highest common factor of 13140 and 420.
60
What is the highest common divisor of 228 and 56676?
12
Calculate the highest common divisor of 1707057 and 22.
11
What is the highest common factor of 155 and 207080?
155
What is the greatest common factor of 13206 and 64326?
426
What is the highest common factor of 547666 and 70?
14
What is the greatest common divisor of 876451 and 326?
163
Calculate the highest common divisor of 62048 and 560.
112
Calculate the highest common factor of 184206 and 3.
3
What is the greatest common factor of 45 and 1470720?
15
What is the highest common divisor of 811 and 19?
1
Calculate the greatest common divisor of 670 and 535.
5
What is the highest common divisor of 18 and 146862?
18
Calculate the greatest common factor of 42 and 34251.
21
What is the highest common divisor of 13475 and 3025?
275
What is the highest common divisor of 168 and 1113?
21
Calculate the greatest common divisor of 14946 and 2350.
94
Calculate the greatest common factor of 42 and 20685.
21
What is the highest common factor of 11844 and 91462?
658
Calculate the highest common divisor of 32 and 513736.
8
Calculate the highest common factor of 4212 and 102700.
52
What is the greatest common divisor of 1254 and 1446698?
418
What is the highest common factor of 684 and 5598?
18
What is the highest common divisor of 796 and 109052?
796
Calculate the greatest common divisor of 141591 and 61053.
1299
What is the greatest common divisor of 83861 and 68?
17
What is the greatest common factor of 88 and 11686972?
44
What is the greatest common divisor of 7356 and 4644?
12
Calculate the highest common divisor of 4805921 and 3279.
1093
Calculate the highest common factor of 5762 and 2546.
134
What is the greatest common factor of 116332 and 229?
229
Calculate the greatest common divisor of 896 and 1316.
28
What is the greatest common divisor of 20 and 42860?
20
Calculate the highest common divisor of 8 and 2446.
2
Calculate the highest common divisor of 8503 and 11.
11
What is the highest common divisor of 3955 and 840?
35
Calculate the greatest common factor of 46555 and 10.
5
Calculate the highest common divisor of 9824 and 12928.
32
What is the greatest common factor of 2156 and 45374?
98
Calculate the highest common divisor of 16 and 78445.
1
What is the highest common divisor of 67104 and 1440?
288
Calculate the highest common factor of 15262 and 3588.
26
What is the greatest common factor of 25662 and 1274?
182
Calculate the highest common factor of 88239 and 603.
201
What is the highest common divisor of 1363 and 8945369?
1363
Calculate the greatest common divisor of 5242844 and 124.
124
Calculate the highest common divisor of 157648 and 354.
118
What is the greatest common factor of 4312 and 33040?
56
Calculate the highest common factor of 357 and 2958.
51
What is the greatest common factor of 373985 and 45?
5
What is the greatest common divisor of 12285 and 12987?
351
What is the greatest common divisor of 668112 and 3472?
496
What is the greatest common factor of 23 and 80293?
23
What is the highest common factor of 21808 and 87?
29
Calculate the highest common divisor of 4288 and 124084.
268
What is the highest common factor of 3278 and 2838?
22
Calculate the greatest common divisor of 2296715 and 15.
5
Calculate the greatest common divisor of 45810 and 1206.
18
What is the greatest common factor of 79099 and 498?
83
Calculate the highest common divisor of 2215100 and 15300.
1700
Calculate the highest common divisor of 118479 and 219.
219
What is the highest common divisor of 1407 and 42483?
21
What is the greatest common factor of 2964115 and 105?
35
What is the greatest common divisor of 138137 and 1070?
107
Calculate the greatest common factor of 20335 and 10.
5
What is the greatest common factor of 115173 and 191?
191
Calculate the highest common divisor of 5408 and 568.
8
Calculate the greatest common divisor of 57328 and 64.
16
Calculate the greatest common factor of 199809 and 9.
9
Calculate the greatest common factor of 4642 and 69542.
22
What is the greatest common divisor of 111478 and 38?
2
What is the highest common factor of 1440 and 165?
15
Calculate the greatest common factor of 45 and 184995.
45
Calculate the highest common divisor of 1592 and 432626.
398
What is the greatest common divisor of 330693 and 6171?
363
Calculate the highest common factor of 242 and 1056.
22
What is the highest common divisor of 217248 and 62?
62
Calculate the greatest common factor of 3516 and 208323.
879
Calculate the highest common factor of 2254749 and 399.
399
Calculate the greatest common factor of 2902682 and 10030.
2006
Calculate the greatest common divisor of 4 and 947.
1
What is the greatest common factor of 165330 and 1485?
495
Calculate the highest common factor of 9695 and 670.
5
Calculate the highest common divisor of 303 and 10403.
101
What is the greatest common factor of 3625 and 1300?
25
What is the highest common factor of 271559 and 8860?
443
Calculate the greatest common factor of 2885892 and 12.
12
What is the greatest common factor of 80554 and 2?
2
Calculate the greatest common factor of 86228 and 32.
4
Calculate the highest common divisor of 25711 and 161.
7
What is the greatest common factor of 17537 and 986687?
923
Calculate the greatest common divisor of 16810 and 41.
41
Calculate the highest common divisor of 146693 and 17.
17
What is the highest common factor of 870 and 1863250?
290
What is the greatest common divisor of 3138 and 2460?
6
What is the greatest common divisor of 325 and 357100?
25
What is the greatest common factor of 17214 and 1292?
38
Calculate the greatest common divisor of 209708 and 3296.
412
Calculate the greatest common factor of 10045 and 10.
5
What is the highest common factor of 1240078 and 42?
14
Calculate the highest common factor of 23860 and 180.
20
What is the greatest common divisor of 87 and 5329707?
87
What is the highest common divisor of 2665 and 287287?
533
What is the greatest common divisor of 40960 and 10?
10
Calculate the greatest common divisor of 58 and 1255526.
58
Calculate the highest common divisor of 6842 and 1562.
22
What is the highest common factor of 264 and 14487?
33
What is the greatest common divisor of 1340 and 4660?
20
What is the highest common factor of 65604 and 13596?
132
What is the highest common divisor of 99 and 263857?
11
Calculate the greatest common divisor of 3780 and 12180.
420
Calculate the highest common factor of 397929 and 392.
49
Calculate the highest common factor of 1444960 and 704.
352
What is the highest common divisor of 2478 and 98412?
354
What is the greatest common divisor of 9 and 588816?
9
What is the highest common factor of 226 and 940838?
226
Calculate the greatest common divisor of 16 and 35878.
2
Calculate the highest common divisor of 14999 and 99899.
283
Calculate the greatest common divisor of 7066917 and 1938.
969
Calculate the highest common divisor of 28825 and 100.
25
What is the highest common factor of 3285 and 57?
3
What is the greate